me?
True
Let g = -26 + 31. Let v be g - (2 - 0) - 65. Let s = v + 541. Is s a composite number?
False
Suppose -21 = -3*d + m - 9, 4*d + 4*m - 16 = 0. Is ((-3934)/d)/((76/8)/(-19)) a prime number?
False
Let z(u) be the third derivative of u**6/40 - 13*u**5/60 - u**4/4 - 7*u**3/2 + 61*u**2. Is z(10) a composite number?
False
Let i be 194196/84 + (3 - 20/7). Suppose n - i = 2250. Is n a composite number?
True
Suppose 5*j = 4*j. Suppose -2*q + 470 + 436 = j. Suppose 4*n - 1217 = -q. Is n composite?
False
Let f(n) = 1762*n - 319. Is f(9) a composite number?
True
Suppose 58 = 5*s + 13. Suppose -2*z - 7*f + 800 = -s*f, 4*z + 2*f - 1582 = 0. Is z composite?
False
Suppose 7*k + 21*k + 3*k = 0. Suppose v - 27633 = -4*j - k*v, 20706 = 3*j - 3*v. Is j a composite number?
False
Suppose -55329 = -3*k + 2*a, -5*k + 92215 = 8*a - 3*a. Suppose z - 4*z + 11061 = 4*l, 4*l = -5*z + k. Is z a composite number?
False
Let u(g) = -5*g**2 - 7 + 5 - 12*g**3 - 2*g - 2 + 13*g**2. Let j be u(-6). Suppose 2*h = -4*m - h + j, 3*h = -3*m + 2169. Is m a prime number?
True
Let a be 76/(-1 - ((-20)/6 + 3)). Let u be (-13630)/(-60) - (-1)/(-6). Let i = a + u. Is i a composite number?
False
Let u = -28200 + 59599. Is u prime?
False
Suppose -5*t = -60*h + 59*h + 23857, 3*h = 2*t + 71571. Is h composite?
False
Let i = -668004 + 1329035. Is i composite?
True
Let u = 203 + -197. Suppose u*x - 31912 - 8762 = 0. Is x prime?
True
Suppose b - 3*s - 5 = 0, s + 7 = -0*b + b. Suppose 14 = 2*c + b. Suppose 2*f = c*f - 839. Is f a composite number?
False
Let f(s) = s**3 + 3*s**2 - 25*s + 9. Let x be f(-12). Let z = x - 4680. Let h = z + 8921. Is h composite?
True
Suppose 0 = 117*g - 42146542 - 32297165. Is g prime?
False
Is 69339/2*2 - ((-10 - -5) + 7) a prime number?
True
Let r = 350 + 707. Let o = -274 + r. Let m = 208 + o. Is m a prime number?
True
Let p(q) = 84*q + 45. Let z(a) = -5*a**2 - 2*a + 27. Let v(o) = o**2. Let n(y) = -3*v(y) - z(y). Let w be n(-5). Is p(w) prime?
False
Suppose 788564 = 2*t - q, 394267 = 8*t - 7*t + 2*q. Is t a composite number?
True
Let s = 78 + 41953. Is s prime?
False
Let d(w) be the first derivative of 44*w**6/45 + w**5/24 - 3*w**4/8 - 17*w**3/3 + 30. Let z(k) be the third derivative of d(k). Is z(2) composite?
False
Let a be (3338/(-8))/(-6 + (-47)/(-8)). Is a - (55/33)/(1/(-3)) a composite number?
False
Let j(z) = -654*z**3 + z. Let m be j(-1). Suppose -4*f + 508 = -4*c, -4*f + m = f + 4*c. Suppose -f + 4662 = 3*v. Is v a prime number?
True
Let j(d) = d - 4. Let i be j(7). Let o(u) be the second derivative of 167*u**3/6 + u**2 + 359*u. Is o(i) a composite number?
False
Suppose -22*h + 686264 + 839898 = 0. Is h a composite number?
False
Let x(o) = 36*o - 5 - 12*o + 27942*o**2 - 28*o. Is x(-1) composite?
False
Suppose 4*m + 1155 = z - 592, 4*z + m - 7005 = 0. Suppose -o + 2*u + z = 0, 2*u - 8803 = 5*o - 10*o. Is o prime?
True
Let k = -149287 - -418608. Is k a composite number?
True
Is 43492 - ((-12 - 8) + 13) prime?
True
Suppose 9*x - 13605 - 129189 = 0. Let f = x - 11331. Is f a composite number?
True
Let h be (-7 + 4)*(110/(-6) + 0). Is -2*5/h + 818/22 a composite number?
False
Let r(m) = -m + 8. Let l be r(5). Suppose y + 0*j - 4*j = 1216, 3*y = l*j + 3621. Let d = -503 + y. Is d a prime number?
True
Suppose 6*t + 214 = -254. Let d = t + 78. Suppose -r = 4*x + 228 - 1771, d = 2*r - x - 3086. Is r a composite number?
False
Let r(o) be the third derivative of 19*o**5/60 - 7*o**4/24 - o**3/6 - 10*o**2. Let g be r(12). Let v = g + -1488. Is v a composite number?
False
Let r be 1/6 - (-23030)/60. Suppose -2*i + r = -8*i. Is ((-1137)/2)/1*i/96 prime?
True
Let x(j) = -1333*j - 33. Let t(u) = -2665*u - 67. Let v(f) = -3*t(f) + 5*x(f). Is v(7) composite?
True
Suppose 680*s - 150159449 - 582744965 = 42*s. Is s prime?
True
Suppose -2*b - 2*g + 160054 = 0, -2*b + 160064 = 13*g - 16*g. Is b a prime number?
False
Suppose -159 = 4*h - 203. Suppose -h*y + 456645 = 24*y. Is y a composite number?
True
Suppose -5 = -5*h + 30. Suppose -3*t = s + h, 2*s + 1 = -t + 2. Suppose i - 2 = 0, -4*d = -s*d - 3*i - 24. Is d a composite number?
True
Suppose -33*z + 35*z + 2*d = 668458, 2*z = 4*d + 668506. Is z a prime number?
False
Suppose 2*v = -4*o + 206698, 0 = -654*v + 650*v + 3*o + 413341. Is v prime?
False
Suppose -2*s - 3*l = -278488, 2*s = -5*l - 156217 + 434709. Is s composite?
False
Let x(a) be the first derivative of -705*a**2/2 - 11*a - 87. Is x(-2) composite?
False
Let t = -2149 - -4886. Let w = t - -640. Is w prime?
False
Let q = 14210 + -4509. Suppose -46571 = -10*i - q. Is i a composite number?
True
Let l(n) = -26*n**2 - 22*n + 50. Let v(j) = 12*j**2 + 12*j - 25. Let h(c) = 4*l(c) + 9*v(c). Is h(21) prime?
False
Let h(x) = x**3 + 15*x**2 + x + 18. Let m be h(-15). Suppose o = -m*r + 5*o + 15481, -5*r = 5*o - 25860. Is r a composite number?
False
Let t(o) = 8*o**2 + 3*o + 13. Let i be 70/3 + 12/18. Suppose -88 = 8*b - i. Is t(b) prime?
False
Let x = -7427 + 21683. Let q = -4279 + x. Is q a composite number?
True
Let i(l) = l**3 + 12*l**2 - 15*l - 24. Let g be i(-13). Let t(k) = -83*k - 6. Let p(n) = 42*n + 3. Let h(r) = g*t(r) + 5*p(r). Is h(4) prime?
True
Let s(t) = t**3 + 10*t**2 + 12*t + 38. Let c be s(-7). Let k = 4100 + c. Is k a composite number?
False
Suppose 21*h - 276069 = 194205. Is h a composite number?
True
Let y be ((-119)/21)/((-1)/39). Let q = y + 16. Is q prime?
False
Let f = -2039708 - -3299103. Is f a composite number?
True
Suppose 0 = -7*i + 20 + 29. Let z(f) = -f**2 + 13*f - 14. Let c be z(i). Suppose -c*g + 29*g = 317. Is g composite?
False
Suppose -2*x + 3*s + 4 + 0 = 0, -3*s = 0. Suppose w = p + 3*w - 2900, -x*p = -5*w - 5782. Suppose 5*r + 461 = p. Is r composite?
False
Let s(o) = 23*o + 9. Let r be s(7). Suppose -17 = 3*y - 2, 5*x = 3*y + r. Suppose 3*t - 1592 = x. Is t prime?
True
Suppose -j + 124231 - 9620 = 5*p, 2*p - 12 = 0. Is j composite?
True
Let h(p) = 5*p + 86. Let y be h(-18). Is 2129/2*y/8*-4 a composite number?
False
Suppose 4*s + 3175 = -5*x, -5*s + 6 + 19 = 0. Let c = 1757 - 3081. Let m = x - c. Is m composite?
True
Suppose -26*o = -22*o - 16. Suppose -o*x = -115 + 27. Is (x/(-4))/((-105)/26 + 4) a composite number?
True
Suppose 3*z = 26 + 61. Let f = 29 - z. Suppose -4*x + 5*g + 683 = f, 0 = -3*x + 5*x + 2*g - 364. Is x a composite number?
True
Suppose -2*n = -9*n + 49. Let t(c) = -1 + 11 + 12 - n + 69*c. Is t(16) a prime number?
False
Let g(w) = 1707*w**2 - 115*w + 131. Is g(27) a prime number?
False
Let s(y) = -3*y**2 + 3*y + 4. Let v(d) = 16*d**2 - 16*d - 20. Let f(o) = 11*s(o) + 2*v(o). Let r be f(-2). Is -3 - -407 - r - -3 composite?
False
Let u(b) = 210*b - 1199. Is u(42) composite?
False
Let k = 75 - 72. Suppose 0 = 5*f - k*d + 260, -5*f - 5*d - 300 = -0*f. Let b = -4 - f. Is b composite?
True
Suppose 6*l + 20*l = 3*l + 5085461. Is l a prime number?
False
Suppose 3*t - 12177 = 10824. Suppose f - 3*b - 2129 - t = 0, 0 = -3*b + 15. Is f a prime number?
True
Let z(m) = 3426*m**2 + 60*m + 257. Is z(-7) a prime number?
True
Suppose 2*i = -3*g + 923179, -4*i = 4*g - 8*i - 1230852. Is g composite?
True
Suppose -23751 = -26*n - 5847 + 89138. Is n prime?
False
Let v(l) = -l - 9. Let h be v(-12). Suppose 2*k - 4 = 2*f, -h*f = k - 2 - 4. Suppose k*j + j = 13436. Is j composite?
False
Is 72/(-900) - (-15394652)/25 - (4 + 1) prime?
False
Suppose 0 = 255*m + 304*m + 56705810 - 198748828. Is m a composite number?
True
Let o(a) = 5766*a**2 + 27*a - 73. Is o(-5) composite?
True
Let j(v) = 157*v - 90. Let n be j(12). Suppose -89*y + 83*y + n = 0. Is y prime?
False
Let t(w) = -2*w**3 + 29*w**2 - 14*w - 1. Let d be t(14). Let l(n) = 4*n**3 - n**2 + 2*n + 2. Let c be l(d). Is (-1 + -1040)/(4 - c/(-1)) a prime number?
False
Let g be (-20)/(-6)*(7 + (-145)/10). Is -1 + -4 - (g + -86) a prime number?
False
Let d = 29058 + -8530. Suppose 28*j - 207084 = d. Is j prime?
False
Let p = 115457 - 35490. Is p composite?
False
Suppose h = -7*q + 10*q - 3222, -2156 = -2*q - 2*h. Let i = 2226 - q. Is i prime?
True
Suppose 0 = -7*a + 4*a + 3. Let p be ((-6)/(-8) - a) + 9293/4. Suppose 0 = 5*n - p - 42. Is n a composite number?
True
Suppose 3*u - 12 = 0, -23 = -3*g - 5*u + 12. Suppose 1573 = -2*s + 4611. Suppose -g*k - 2*k = -s. Is k composite?
True
Let q = 